{"id":935,"date":"2023-07-22T21:42:50","date_gmt":"2023-07-22T21:42:50","guid":{"rendered":"https:\/\/ligadosantorosario.com\/?page_id=935"},"modified":"2023-07-22T21:48:30","modified_gmt":"2023-07-22T21:48:30","slug":"apostolo-de-fatima","status":"publish","type":"page","link":"https:\/\/ligadosantorosario.com\/?page_id=935","title":{"rendered":"Ap\u00f3stolo de F\u00e1tima"},"content":{"rendered":"\t\t<div data-elementor-type=\"wp-page\" data-elementor-id=\"935\" class=\"elementor elementor-935\" data-elementor-post-type=\"page\">\n\t\t\t\t\t\t<section class=\"elementor-section elementor-top-section elementor-element elementor-element-6e82cf8 elementor-section-boxed elementor-section-height-default elementor-section-height-default\" data-id=\"6e82cf8\" data-element_type=\"section\">\n\t\t\t\t\t\t<div class=\"elementor-container elementor-column-gap-default\">\n\t\t\t\t\t<div class=\"elementor-column elementor-col-100 elementor-top-column elementor-element elementor-element-0503461\" data-id=\"0503461\" data-element_type=\"column\">\n\t\t\t<div class=\"elementor-widget-wrap elementor-element-populated\">\n\t\t\t\t\t\t<div class=\"elementor-element elementor-element-e76b251 elementor-widget elementor-widget-spacer\" data-id=\"e76b251\" data-element_type=\"widget\" data-widget_type=\"spacer.default\">\n\t\t\t\t<div class=\"elementor-widget-container\">\n\t\t\t<style>\/*! elementor - v3.23.0 - 05-08-2024 *\/\n.elementor-column .elementor-spacer-inner{height:var(--spacer-size)}.e-con{--container-widget-width:100%}.e-con-inner>.elementor-widget-spacer,.e-con>.elementor-widget-spacer{width:var(--container-widget-width,var(--spacer-size));--align-self:var(--container-widget-align-self,initial);--flex-shrink:0}.e-con-inner>.elementor-widget-spacer>.elementor-widget-container,.e-con>.elementor-widget-spacer>.elementor-widget-container{height:100%;width:100%}.e-con-inner>.elementor-widget-spacer>.elementor-widget-container>.elementor-spacer,.e-con>.elementor-widget-spacer>.elementor-widget-container>.elementor-spacer{height:100%}.e-con-inner>.elementor-widget-spacer>.elementor-widget-container>.elementor-spacer>.elementor-spacer-inner,.e-con>.elementor-widget-spacer>.elementor-widget-container>.elementor-spacer>.elementor-spacer-inner{height:var(--container-widget-height,var(--spacer-size))}.e-con-inner>.elementor-widget-spacer.elementor-widget-empty,.e-con>.elementor-widget-spacer.elementor-widget-empty{position:relative;min-height:22px;min-width:22px}.e-con-inner>.elementor-widget-spacer.elementor-widget-empty .elementor-widget-empty-icon,.e-con>.elementor-widget-spacer.elementor-widget-empty .elementor-widget-empty-icon{position:absolute;top:0;bottom:0;left:0;right:0;margin:auto;padding:0;width:22px;height:22px}<\/style>\t\t<div class=\"elementor-spacer\">\n\t\t\t<div class=\"elementor-spacer-inner\"><\/div>\n\t\t<\/div>\n\t\t\t\t<\/div>\n\t\t\t\t<\/div>\n\t\t\t\t\t<\/div>\n\t\t<\/div>\n\t\t\t\t\t<\/div>\n\t\t<\/section>\n\t\t\t\t<section class=\"elementor-section elementor-top-section elementor-element elementor-element-451109e elementor-section-boxed elementor-section-height-default elementor-section-height-default\" data-id=\"451109e\" data-element_type=\"section\">\n\t\t\t\t\t\t<div class=\"elementor-container elementor-column-gap-default\">\n\t\t\t\t\t<div class=\"elementor-column elementor-col-50 elementor-top-column elementor-element elementor-element-b53f4d7\" data-id=\"b53f4d7\" data-element_type=\"column\">\n\t\t\t<div class=\"elementor-widget-wrap elementor-element-populated\">\n\t\t\t\t\t\t<div class=\"elementor-element elementor-element-0ccccf2 elementor-widget elementor-widget-text-editor\" data-id=\"0ccccf2\" data-element_type=\"widget\" data-widget_type=\"text-editor.default\">\n\t\t\t\t<div class=\"elementor-widget-container\">\n\t\t\t<style>\/*! elementor - v3.23.0 - 05-08-2024 *\/\n.elementor-widget-text-editor.elementor-drop-cap-view-stacked .elementor-drop-cap{background-color:#69727d;color:#fff}.elementor-widget-text-editor.elementor-drop-cap-view-framed .elementor-drop-cap{color:#69727d;border:3px solid;background-color:transparent}.elementor-widget-text-editor:not(.elementor-drop-cap-view-default) .elementor-drop-cap{margin-top:8px}.elementor-widget-text-editor:not(.elementor-drop-cap-view-default) .elementor-drop-cap-letter{width:1em;height:1em}.elementor-widget-text-editor .elementor-drop-cap{float:left;text-align:center;line-height:1;font-size:50px}.elementor-widget-text-editor .elementor-drop-cap-letter{display:inline-block}<\/style>\t\t\t\t<p class=\"SubTitulo\"><strong>Quem foi Plinio Corr\u00eaa de Oliveira?<\/strong><\/p><p class=\"normal\">Plinio Corr\u00eaa de Oliveira iniciava sua vida p\u00fablica em 1933, atuando como l\u00edder cat\u00f3lico, especialmente nas Congrega\u00e7\u00f5es Marianas, movimento de grande influ\u00eancia religiosa e express\u00e3o nacional em seu tempo.<br \/>Deputado Federal aos 24 anos, o mais votado para a Assembl\u00e9ia Constituinte de 1933, na legenda da Liga Eleitoral Cat\u00f3lica (LEC), destacou-se desde jovem como grande orador, cat\u00f3lico fervoroso. Mais tarde tornou-se brilhante diretor de O Legion\u00e1rio, o qual, em suas m\u00e3os, passou de folha paroquial da Igreja de Santa Cec\u00edlia a \u00f3rg\u00e3o oficioso da Arquidiocese de S\u00e3o Paulo.<\/p><p class=\"SubTitulo\">\u00a0<\/p>\t\t\t\t\t\t<\/div>\n\t\t\t\t<\/div>\n\t\t\t\t\t<\/div>\n\t\t<\/div>\n\t\t\t\t<div class=\"elementor-column elementor-col-50 elementor-top-column elementor-element elementor-element-50eba10\" data-id=\"50eba10\" data-element_type=\"column\">\n\t\t\t<div class=\"elementor-widget-wrap elementor-element-populated\">\n\t\t\t\t\t\t<div class=\"elementor-element elementor-element-8dd69e6 elementor-widget__width-initial elementor-widget elementor-widget-image\" data-id=\"8dd69e6\" data-element_type=\"widget\" data-widget_type=\"image.default\">\n\t\t\t\t<div class=\"elementor-widget-container\">\n\t\t\t<style>\/*! elementor - v3.23.0 - 05-08-2024 *\/\n.elementor-widget-image{text-align:center}.elementor-widget-image a{display:inline-block}.elementor-widget-image a img[src$=\".svg\"]{width:48px}.elementor-widget-image img{vertical-align:middle;display:inline-block}<\/style>\t\t\t\t\t\t\t\t\t\t<img fetchpriority=\"high\" decoding=\"async\" width=\"598\" height=\"782\" src=\"https:\/\/ligadosantorosario.com\/wp-content\/uploads\/Plinio-Correa-de-Oliveira-rosario.jpg\" class=\"attachment-large size-large wp-image-940\" alt=\"\" srcset=\"https:\/\/ligadosantorosario.com\/wp-content\/uploads\/Plinio-Correa-de-Oliveira-rosario.jpg 598w, https:\/\/ligadosantorosario.com\/wp-content\/uploads\/Plinio-Correa-de-Oliveira-rosario-229x300.jpg 229w\" sizes=\"(max-width: 598px) 100vw, 598px\" \/>\t\t\t\t\t\t\t\t\t\t\t\t\t<\/div>\n\t\t\t\t<\/div>\n\t\t\t\t\t<\/div>\n\t\t<\/div>\n\t\t\t\t\t<\/div>\n\t\t<\/section>\n\t\t\t\t<section class=\"elementor-section elementor-top-section elementor-element elementor-element-0faf03e elementor-section-boxed elementor-section-height-default elementor-section-height-default\" data-id=\"0faf03e\" data-element_type=\"section\">\n\t\t\t\t\t\t<div class=\"elementor-container elementor-column-gap-default\">\n\t\t\t\t\t<div class=\"elementor-column elementor-col-100 elementor-top-column elementor-element elementor-element-60875d1\" data-id=\"60875d1\" data-element_type=\"column\">\n\t\t\t<div class=\"elementor-widget-wrap elementor-element-populated\">\n\t\t\t\t\t\t<div class=\"elementor-element elementor-element-4f8087f elementor-widget elementor-widget-text-editor\" data-id=\"4f8087f\" data-element_type=\"widget\" data-widget_type=\"text-editor.default\">\n\t\t\t\t<div class=\"elementor-widget-container\">\n\t\t\t\t\t\t\t<p class=\"SubTitulo\"><strong>Kamikaze<\/strong><\/p>\n<p class=\"normal\">Presidente da Liga Arquidiocesana da A\u00e7\u00e3o Cat\u00f3lica de S\u00e3o Paulo, soube ele discernir com muita anteced\u00eancia os erros progressistas que come\u00e7avam a se infiltrar de modo sorrateiro nas fileiras cat\u00f3licas. Tais erros amea\u00e7avam a integridade moral e ideol\u00f3gica do povo fiel, caso se espalhassem sem encontrar em seu caminho uma den\u00fancia vigorosa e precisa.<\/p>\n<p class=\"normal\">Assim, num lance de grande ousadia e coragem, denunciou os desvios que notara no seio da A\u00e7\u00e3o Cat\u00f3lica Brasileira \u2013 no livro Em Defesa da A\u00e7\u00e3o Cat\u00f3lica (1943).<\/p>\n<p class=\"normal\">Infelizmente, teve muito peso nessa campanha a atua\u00e7\u00e3o de destacados elementos do Clero da \u00e9poca, j\u00e1 ent\u00e3o engajados no pr\u00e9-progressismo, e no liturgicismo p\u00f3s-modernista.<\/p>\n<p class=\"normal\">Anos depois ele qualificou a publica\u00e7\u00e3o do livro como uma opera\u00e7\u00e3o kamikaze, mas hoje em dia estudiosos de v\u00e1rias universidades espalhadas pelo mundo, reconhecem o imenso papel que teve essa a den\u00fancia de Plinio Corr\u00eaa de Oliveira, a qual constituiu um golpe mortal contra o liturgicismo e o progressismo ent\u00e3o nascente.<\/p>\n<p class=\"normal\">A rea\u00e7\u00e3o furibunda n\u00e3o se fez esperar.<\/p>\n<p class=\"normal\">Levantou-se contra ele uma campanha de persegui\u00e7\u00e3o sistem\u00e1tica e inclemente, no correr da qual ele foi sendo colocado, aos poucos, no sil\u00eancio e no ostracismo.<\/p>\n<p class=\"normal\">Em poucos anos, o grande orador e guia de multid\u00f5es entusiasticamente aplaudido pelos cat\u00f3licos, ficara reduzido a liderar um pequeno grupo de nove pessoas.<\/p>\n<p class=\"SubTitulo\"><span class=\"normal\">Em 1949, ap\u00f3s um pesado ostracismo, uma carta de elogio a seu livro, escrita em nome do Papa Pio XII, pelo ent\u00e3o substituto do Secret\u00e1rio de Estado, Mons. Jo\u00e3o Baptista Montini, mais tarde Paulo VI, seria uma r\u00e9stia de luz a iluminar o horizonte turbulento da pol\u00eamica e do ostracismo, e uma esperan\u00e7a de mudan\u00e7a na situa\u00e7\u00e3o.<\/span><\/p>\n<p><br><\/p>\t\t\t\t\t\t<\/div>\n\t\t\t\t<\/div>\n\t\t\t\t\t<\/div>\n\t\t<\/div>\n\t\t\t\t\t<\/div>\n\t\t<\/section>\n\t\t\t\t<section class=\"elementor-section elementor-top-section elementor-element elementor-element-8eb54eb elementor-section-boxed elementor-section-height-default elementor-section-height-default\" data-id=\"8eb54eb\" data-element_type=\"section\">\n\t\t\t\t\t\t<div class=\"elementor-container elementor-column-gap-default\">\n\t\t\t\t\t<div class=\"elementor-column elementor-col-100 elementor-top-column elementor-element elementor-element-40aac7f\" data-id=\"40aac7f\" data-element_type=\"column\">\n\t\t\t<div class=\"elementor-widget-wrap elementor-element-populated\">\n\t\t\t\t\t\t<section class=\"elementor-section elementor-inner-section elementor-element elementor-element-91348ca elementor-section-boxed elementor-section-height-default elementor-section-height-default\" data-id=\"91348ca\" data-element_type=\"section\">\n\t\t\t\t\t\t<div class=\"elementor-container elementor-column-gap-default\">\n\t\t\t\t\t<div class=\"elementor-column elementor-col-50 elementor-inner-column elementor-element elementor-element-26e0c77\" data-id=\"26e0c77\" data-element_type=\"column\">\n\t\t\t<div class=\"elementor-widget-wrap elementor-element-populated\">\n\t\t\t\t\t\t<div class=\"elementor-element elementor-element-4ffa5da elementor-widget__width-initial elementor-widget elementor-widget-image\" data-id=\"4ffa5da\" data-element_type=\"widget\" data-widget_type=\"image.default\">\n\t\t\t\t<div class=\"elementor-widget-container\">\n\t\t\t\t\t\t\t\t\t\t\t\t\t<img decoding=\"async\" width=\"653\" height=\"1024\" src=\"https:\/\/ligadosantorosario.com\/wp-content\/uploads\/apresentacao_02-653x1024-1.jpg\" class=\"attachment-medium_large size-medium_large wp-image-939\" alt=\"\" srcset=\"https:\/\/ligadosantorosario.com\/wp-content\/uploads\/apresentacao_02-653x1024-1.jpg 653w, https:\/\/ligadosantorosario.com\/wp-content\/uploads\/apresentacao_02-653x1024-1-191x300.jpg 191w\" sizes=\"(max-width: 653px) 100vw, 653px\" \/>\t\t\t\t\t\t\t\t\t\t\t\t\t<\/div>\n\t\t\t\t<\/div>\n\t\t\t\t\t<\/div>\n\t\t<\/div>\n\t\t\t\t<div class=\"elementor-column elementor-col-50 elementor-inner-column elementor-element elementor-element-f54e081\" data-id=\"f54e081\" data-element_type=\"column\">\n\t\t\t<div class=\"elementor-widget-wrap elementor-element-populated\">\n\t\t\t\t\t\t<div class=\"elementor-element elementor-element-7f145fb elementor-widget elementor-widget-text-editor\" data-id=\"7f145fb\" data-element_type=\"widget\" data-widget_type=\"text-editor.default\">\n\t\t\t\t<div class=\"elementor-widget-container\">\n\t\t\t\t\t\t\t<p><strong>Catolicismo<\/strong><\/p>\n<p class=\"normal\">Em 1951, sob a \u00e9gide do ent\u00e3o Bispo de Campos, D. Antonio de Castro Mayer, Plinio Corr\u00eaa de Oliveira inspirou a funda\u00e7\u00e3o do jornal \u201cCatolicismo\u201d, hoje revista, atrav\u00e9s do qual divulgava a doutrina tradicional da Igreja e suas aplica\u00e7\u00f5es \u00e0 sociedade e aos fatos, tudo em oposi\u00e7\u00e3o aos erros que grassavam nos meios cat\u00f3licos e no mundo em geral. A difus\u00e3o desses ideais permitiu aglutinar em torno de \u201cCatolicismo\u201d uma corrente de pensamento conservador e contra-revolucion\u00e1rio, numa \u00e9poca em que era bonito afirmar extravag\u00e2ncias para parecer \u201cmoderno\u201d. Em 1959, Pl\u00ednio Corr\u00eaa de Oliveira exp\u00f5e o conjunto das id\u00e9ias que defende, de modo concatenado, num livro genial destinado a ter grande influ\u00eancia no Brasil e no Exterior, denominado \u201cRevolu\u00e7\u00e3o e Contra-Revolu\u00e7\u00e3o\u201d, verdadeiro tratado resumido de teologia e filosofia da Hist\u00f3ria. No ano seguinte, em 1960, com o crescimento do Grupo, Pl\u00ednio Corr\u00eaa de Oliveira, juntamente com seus fi\u00e9is amigos de todas as horas (*), fundou a Sociedade Brasileira de Defesa da Tradi\u00e7\u00e3o, Fam\u00edlia e Propriedade (TFP), destinada \u00e0 atua\u00e7\u00e3o p\u00fablica em defesa dos pilares da Civiliza\u00e7\u00e3o Crist\u00e3.<\/p>\n<p class=\"normal\">Pouco depois, a difus\u00e3o desses ideais come\u00e7ou a fazer-se largamente pelo mundo, dando origem \u00e0 funda\u00e7\u00e3o de associa\u00e7\u00f5es co-irm\u00e3s e aut\u00f4nomas, inspiradas na obra de Pl\u00ednio Corr\u00eaa de Oliveira.<\/p>\t\t\t\t\t\t<\/div>\n\t\t\t\t<\/div>\n\t\t\t\t\t<\/div>\n\t\t<\/div>\n\t\t\t\t\t<\/div>\n\t\t<\/section>\n\t\t\t\t\t<\/div>\n\t\t<\/div>\n\t\t\t\t\t<\/div>\n\t\t<\/section>\n\t\t\t\t<section class=\"elementor-section elementor-top-section elementor-element elementor-element-0c530a7 elementor-section-boxed elementor-section-height-default elementor-section-height-default\" data-id=\"0c530a7\" data-element_type=\"section\">\n\t\t\t\t\t\t<div class=\"elementor-container elementor-column-gap-default\">\n\t\t\t\t\t<div class=\"elementor-column elementor-col-100 elementor-top-column elementor-element elementor-element-ba1776b\" data-id=\"ba1776b\" data-element_type=\"column\">\n\t\t\t<div class=\"elementor-widget-wrap elementor-element-populated\">\n\t\t\t\t\t\t<div class=\"elementor-element elementor-element-1cbb859 elementor-widget elementor-widget-text-editor\" data-id=\"1cbb859\" data-element_type=\"widget\" data-widget_type=\"text-editor.default\">\n\t\t\t\t<div class=\"elementor-widget-container\">\n\t\t\t\t\t\t\t<p class=\"SubTitulo\"><strong>A infiltra\u00e7\u00e3o esquerdista nos meios cat\u00f3licos<\/strong><\/p><p><span class=\"normal\">O lobo torna-se mais perigoso quando travestido de ovelha. A Reforma Agr\u00e1ria socialista e confiscat\u00f3ria s\u00f3 poderia ter sucesso se contasse com o apoio e a aprova\u00e7\u00e3o da opini\u00e3o p\u00fablica cat\u00f3lica, francamente majorit\u00e1ria naquela \u00e9poca. Foi ent\u00e3o que, com a colabora\u00e7\u00e3o de dois bispos, D. Geraldo de Proen\u00e7a Sigaud, Arcebispo de Diamantina (MG) e D. Antonio Castro Mayer, Bispo de Campos (RJ), Plinio Corr\u00eaa de Oliveira escreveu o livro \u201cReforma Agr\u00e1ria, Quest\u00e3o de Consci\u00eancia\u201d, levantando o problema moral de que um cat\u00f3lico n\u00e3o pode receber uma terra fruto de confisco. Sendo este um roubo praticado pelo Estado, \u00e9 c\u00famplice do roubo quem recebe a terra confiscada e, portanto, estaria pecando contra o 7\u00ba e o 10\u00ba Mandamentos da Lei de Deus (\u201cN\u00e3o roubar\u00e1s\u201d e \u201cN\u00e3o cobi\u00e7ar\u00e1s as coisas alheias\u201d).<\/span><\/p><p>Notando a exist\u00eancia de um crescente comprometimento de elementos do Clero e do laicato cat\u00f3lico com o esquerdismo, mormente aqui no Brasil, Plinio Corr\u00eaa de Oliveira promoveu, em 1968, um abaixo-assinado a Paulo VI, pedindo medidas urgentes contra a infiltra\u00e7\u00e3o esquerdista nos meios cat\u00f3licos. O \u00eaxito da iniciativa, que atingiu mais de 1.600.000 assinaturas em pouco tempo, era uma prova de quanto o povo cat\u00f3lico repudiava essa guinada esquerdista em meios eclesi\u00e1sticos.<\/p><p class=\"SubTitulo\"><strong>Pl\u00ednio Corr\u00eaa de Oliveira, p\u00f3lo de pensamento e homem de a\u00e7\u00e3o<\/strong><\/p><p><span class=\"normal\">A atua\u00e7\u00e3o de Pl\u00ednio Corr\u00eaa de Oliveira criou indubitavelmente um p\u00f3lo inequ\u00edvoco de pensamento, contr\u00e1rio ao comunismo em suas v\u00e1rias formas claras ou disfar\u00e7adas, em face do qual costumam situar-se tanto simpatizantes quanto oponentes. Sua produ\u00e7\u00e3o intelectual \u00e9 imensa. Escreveu numerosas obras, ensaios, manifestos, artigos, milhares de suas confer\u00eancias foram gravadas e depois impressas.<br \/>Foi tamb\u00e9m um eficaz homem de a\u00e7\u00e3o: promoveu diversas campanhas, dentre as quais destacamos dois lances marcantes: o Manifesto de Resist\u00eancia contra a pol\u00edtica de distens\u00e3o do Vaticano com regimes comunistas, em 1974, e o Manifesto de 6 p\u00e1ginas, publicado nos maiores jornais do Ocidente, em 1981, contra a autogest\u00e3o socialista de Mitterrand, denunciando que esta n\u00e3o constitu\u00eda uma barreira mas sim uma cabe\u00e7a-de-ponte para o avan\u00e7o do comunismo no mundo.<\/span><\/p>\t\t\t\t\t\t<\/div>\n\t\t\t\t<\/div>\n\t\t\t\t\t<\/div>\n\t\t<\/div>\n\t\t\t\t\t<\/div>\n\t\t<\/section>\n\t\t\t\t<\/div>\n\t\t","protected":false},"excerpt":{"rendered":"<p>Quem foi Plinio Corr\u00eaa de Oliveira? Plinio Corr\u00eaa de Oliveira iniciava sua vida p\u00fablica em 1933, atuando como l\u00edder cat\u00f3lico, especialmente nas Congrega\u00e7\u00f5es Marianas, movimento de grande influ\u00eancia religiosa e express\u00e3o nacional em seu tempo.Deputado Federal aos 24 anos, o mais votado para a Assembl\u00e9ia Constituinte de 1933, na legenda da Liga Eleitoral Cat\u00f3lica (LEC), destacou-se desde jovem como grande orador, cat\u00f3lico fervoroso. Mais tarde tornou-se brilhante diretor de O Legion\u00e1rio, o qual, em suas m\u00e3os, passou de folha paroquial da Igreja de Santa Cec\u00edlia a \u00f3rg\u00e3o oficioso da Arquidiocese de S\u00e3o Paulo. \u00a0 Kamikaze Presidente da Liga Arquidiocesana da&#8230;<\/p>\n","protected":false},"author":1,"featured_media":0,"parent":0,"menu_order":0,"comment_status":"closed","ping_status":"closed","template":"","meta":{"jetpack_post_was_ever_published":false,"footnotes":""},"jetpack_sharing_enabled":true,"_links":{"self":[{"href":"https:\/\/ligadosantorosario.com\/index.php?rest_route=\/wp\/v2\/pages\/935"}],"collection":[{"href":"https:\/\/ligadosantorosario.com\/index.php?rest_route=\/wp\/v2\/pages"}],"about":[{"href":"https:\/\/ligadosantorosario.com\/index.php?rest_route=\/wp\/v2\/types\/page"}],"author":[{"embeddable":true,"href":"https:\/\/ligadosantorosario.com\/index.php?rest_route=\/wp\/v2\/users\/1"}],"replies":[{"embeddable":true,"href":"https:\/\/ligadosantorosario.com\/index.php?rest_route=%2Fwp%2Fv2%2Fcomments&post=935"}],"version-history":[{"count":7,"href":"https:\/\/ligadosantorosario.com\/index.php?rest_route=\/wp\/v2\/pages\/935\/revisions"}],"predecessor-version":[{"id":946,"href":"https:\/\/ligadosantorosario.com\/index.php?rest_route=\/wp\/v2\/pages\/935\/revisions\/946"}],"wp:attachment":[{"href":"https:\/\/ligadosantorosario.com\/index.php?rest_route=%2Fwp%2Fv2%2Fmedia&parent=935"}],"curies":[{"name":"wp","href":"https:\/\/api.w.org\/{rel}","templated":true}]}}